 What is p(-17)?
-52
Let j(d) = d**2 + 34*d + 141. Determine j(-29).
-4
Let x(g) = 2*g**3 + 251*g**2 - 382*g - 218. Determine x(-127).
-91
Let o(j) = 2*j**3 + 116*j**2 + 130*j + 911. Give o(-57).
-1
Let x(t) = -1027*t + 34923. Calculate x(34).
5
Let f(l) = l**3 - 28*l**2 + 89*l + 76. Calculate f(24).
-92
Let l(j) = -j**3 - 15*j**2 + 14*j - 23. Calculate l(-16).
9
Let i(q) = q**3 + 11*q**2 - 207*q - 35. Give i(10).
-5
Let w(j) = j**2 - j - 252. What is w(-15)?
-12
Let a(g) = 396*g + 13458. Determine a(-34).
-6
Let n(h) = -2*h**3 - 29*h**2 + 203*h - 245. What is n(-20)?
95
Let b(n) = 3*n**3 - 21*n**2 + 3*n - 9. Determine b(7).
12
Let a(q) = -82*q - 4677. Calculate a(-57).
-3
Let n(b) = b**2 - b + 4. What is n(1)?
4
Let l(q) = 2*q**3 - 21*q**2 + 27*q - 36. Give l(9).
-36
Let p(k) = -137*k + 416. What is p(3)?
5
Let c(o) = 5*o**2 + 207*o + 62. Determine c(-41).
-20
Let h(n) = -n**2 - 12*n + 171. Give h(-20).
11
Let i(l) = l**2 - 74*l + 1075. Give i(42).
-269
Let c(o) = 11*o**2 + 57*o + 210. Calculate c(-4).
158
Let n(s) = -23577*s + 23589. Give n(1).
12
Let v(i) = 11*i + 93. Determine v(8).
181
Let n(t) = -3*t**3 - 11*t**2 + 354*t - 53. Calculate n(9).
55
Let y(r) = 2*r**3 - 5*r**2 + 26*r - 60. Give y(3).
27
Let s(v) = 238*v**2 + 15*v - 13. What is s(1)?
240
Let r(u) = 44*u + 1180. Give r(-25).
80
Let h(s) = -s**2 - 179*s - 7994. Give h(-84).
-14
Let a(q) = -250*q - 32. What is a(2)?
-532
Let u(w) = 28*w + 1453. Calculate u(-52).
-3
Let k(b) = 149*b + 83. Determine k(3).
530
Let c(m) = m**3 + 13*m**2 + 42*m - 1. Determine c(-7).
-1
Let x(b) = 2*b**2 - 19*b + 81. What is x(16)?
289
Let i(m) = -5*m**2 + 4*m + 10. Calculate i(3).
-23
Let v(l) = 26*l + 103. Give v(4).
207
Let v(z) = z**3 - 3*z**2 - 2*z - 68. Give v(6).
28
Let p(c) = -31*c**2 + 37*c + 39. Calculate p(-1).
-29
Let o(p) = -p - 48. What is o(-55)?
7
Let n(t) = -534*t - 302772. Give n(-567).
6
Let c(a) = -3*a**2 - 68*a + 475. Determine c(7).
-148
Let b(k) = -27*k**2 - k - 13. Calculate b(3).
-259
Let y(i) = -i**2 - 31*i + 2215. Give y(34).
5
Let p(l) = -l**2 - 15*l + 1363. What is p(30)?
13
Let p(c) = -c**3 + 9*c**2 + 17*c - 5. Determine p(11).
-60
Let a(z) = -2*z**2 - 140*z + 373. Determine a(-73).
-65
Let h(d) = -22*d - 24. What is h(-13)?
262
Let p(h) = 439*h - 2469. Determine p(6).
165
Let o(b) = 90*b**2 + 39*b - 3. Calculate o(-3).
690
Let x(m) = m - 36. Calculate x(-28).
-64
Let m(y) = -3*y**2 + 207*y - 2190. Calculate m(56).
-6
Let u(z) = 11*z**2 - 97*z + 78. Determine u(8).
6
Let n(x) = -x**3 - 12*x**2 + 27*x + 12. Give n(-16).
604
Let s(k) = 157*k**2 - 12*k - 18. Determine s(-2).
634
Let m(s) = 10882*s + 21786. Calculate m(-2).
22
Let u(h) = 2*h**2 + 124*h + 1285. What is u(-49)?
11
Let n(x) = -921*x + 1879. Determine n(2).
37
Let q(x) = x**3 + 4*x**2 + 156*x + 813. Calculate q(-5).
8
Let m(t) = 8*t**3 - 9*t**2 + 18*t - 1. What is m(3)?
188
Let q(a) = -23*a - 330. Calculate q(-14).
-8
Let v(t) = 5*t**3 - 244*t**2 - 48*t - 50. What is v(49)?
-1
Let s(z) = 2*z**3 + 59*z**2 + 20*z - 267. Give s(-29).
-6
Let d(q) = -9*q + 90. Give d(0).
90
Let z(k) = k**2 + 7*k - 89. What is z(13)?
171
Let n(h) = 6*h - 61. Give n(16).
35
Let w(p) = 102*p + 204. Give w(-2).
0
Let w(o) = -o**2 - 32*o + 276. What is w(8)?
-44
Let w(n) = -n**2 + 47*n - 414. Determine w(12).
6
Let q(g) = 3*g**3 - 24*g**2 - 7*g + 7. What is q(8)?
-49
Let k(d) = 3*d**3 - 52*d**2 - 36*d + 1. Calculate k(18).
1
Let y(a) = -a**2 - 6*a + 826. What is y(26)?
-6
Let z(d) = 779*d + 6236. Give z(-8).
4
Let w(z) = z**3 + 21*z**2 - 6*z + 94. Give w(-22).
-258
Let i(d) = -2*d**2 + 3*d + 166. Determine i(-8).
14
Let s(x) = x**2 - 35*x - 154. Give s(39).
2
Let m(k) = 59*k - 322. Give m(19).
799
Let u(p) = -p**3 + 121*p**2 + 647*p - 2160. What is u(126)?
-18
Let h(u) = 1600*u - 16016. Calculate h(10).
-16
Let r(x) = -x**2 - 60*x - 526. What is r(-50)?
-26
Let f(h) = -h**3 + 11*h**2 + 5*h - 56. What is f(11)?
-1
Let c(d) = -d**3 - 14*d**2 - 26*d - 78. What is c(-12)?
-54
Let g(w) = -3*w**2 + 37*w - 91. What is g(9)?
-1
Let a(q) = -2*q**2 + 37*q + 861. What is a(32)?
-3
Let k(r) = -71*r + 878. What is k(12)?
26
Let c(d) = 8077*d - 56536. Determine c(7).
3
Let u(r) = 2*r**3 + 11*r**2 - 4*r + 26. Determine u(-6).
14
Let g(d) = -d**2 - 98*d - 1370. Calculate g(-16).
-58
Let h(p) = -p**2 - 68*p + 506. Give h(-75).
-19
Let b(q) = -q**2 - 55*q - 74. Determine b(-54).
-20
Let c(p) = -p**3 - 4*p**2 - 4*p + 5. Give c(-3).
8
Let w(g) = 6*g**2 + 300*g - 611. Give w(2).
13
Let v(m) = -2*m**2 + 101*m - 265. What is v(45)?
230
Let v(b) = 2*b**3 - 93*b**2 - 51*b + 119. Calculate v(47).
-69
Let k(u) = -u**3 + 39*u**2 - 178*u + 21. What is k(34)?
-251
Let b(r) = 2*r**3 - 40*r**2 + 126*r + 37. Determine b(16).
5
Let y(w) = w**3 - 18*w**2 - 150*w + 361. Determine y(2).
-3
Let v(b) = 2*b**2 - 52*b + 319. What is v(15)?
-11
Let r(o) = 31*o - 96. Calculate r(9).
183
Let c(n) = -6*n**3 - 20*n**2 + 13*n - 10. Calculate c(-4).
2
Let u(p) = p**3 + 28*p**2 - 49*p - 1394. Give u(-28).
-22
Let i(d) = -d**2 + 16*d + 4. Calculate i(7).
67
Let r(d) = 124*d + 4688. Determine r(-38).
-24
Let l(u) = 16*u**2 + 23*u + 45. Calculate l(-2).
63
Let w(g) = -3*g**3 + 2*g**2 - 4*g + 3. What is w(1)?
-2
Let j(h) = -20*h + 69. Give j(-2).
109
Let r(u) = -2*u**2 - 4*u + 69. Determine r(-22).
-811
Let h(w) = 12*w**2 + 218*w - 5416. Determine h(14).
-12
Let x(p) = -p**2 + 148*p + 2460. Calculate x(-15).
15
Let r(p) = 2*p**2 + 7*p + 45. Determine r(-5).
60
Let c(j) = j**2 + 4*j - 15. Determine c(4).
17
Let d(y) = -y**2 - 10*y + 84. Determine d(-13).
45
Let y(j) = 59*j + 761. Give y(-12).
53
Let q(c) = 31*c - 180. Determine q(15).
285
Let a(c) = 87*c - 212. What is a(-5)?
-647
Let t(q) = -2*q**3 - 82*q**2 - 85*q - 119. Determine t(-40).
81
Let b(f) = f**3 - 26*f**2 + 170*f - 18. Give b(14).
10
Let x(r) = 153*r - 962. What is x(6)?
-44
Let o(c) = 23*c**3 + 13*c**2 + c - 6. Give o(-2).
-140
Let c(k) = 2925*k + 11706. Determine c(-4).
6
Let u(m) = m**3 - 3*m - 1. Determine u(2).
1
Let r(b) = b**3 + 59*b**2 - 2*b - 90. Give r(-59).
28
Let d(k) = 943*k**2 - 15092*k + 57. What is d(16)?
-7
Let o(v) = -4*v + 160. Calculate o(38).
8
Let o(n) = -2*n**3 + 7*n**2 - 6*n + 4. Give o(-6).
724
Let x(y) = -y**3 - 15*y**2 + 58*y + 859. Calculate x(-15).
-11
Let j(n) = -62*n + 3344. Calculate j(53).
58
Let x(g) = g**3 - g**2 - 11*g - 130. Calculate x(6).
-16
Let l(t) = -t**3 + 11*t**2 - 11*t - 27. What is l(11)?
-148
Let n(i) = 6*i**2 - 24*i - 62. Give n(-3).
64
Let o(w) = w**3 - 9*w**2 - 12625*w + 88476. Give o(7).
3
Let n(k) = 12*k**2 - 16*k + 3. Calculate n(2).
19
Let j(l) = -2079*l - 66529. Calculate j(-32).
-1
Let m(a) = -3*a**2 + 364*a + 1495. Calculate m(-4).
-9
Let s(p) = -258*p**3 - 2*p**2 + 1. Give s(1).
-259
Let l(k) = -3*k**2 + 3*k + 323. Give l(-10).
-7
Let g(h) = -470*h - 1330. What is g(-3)?
80
Let a(r) = 4*r**2 + 160*r + 47. Calculate a(-41).
211
Let z(n) = -2*n**2 + 22*n + 33. Give z(8).
81
Let i(m) = 4*m**2 + 5*m - 168. What is i(-8)?
48
Let p(d) = -422*d**3 - 2532*d**2 - d + 5. Give p(-6).
11
Let r(d) = 6*d**2 - 19*d - 3. Give r(-5).
242
Let t(l) = 37*l + 147. Determine t(-4).
-1
Let p(c) = 16*c**2 + 60*c - 126. Calculate p(2).
58
Let x(z) = -231*z**2 - 37*z + 70. Give x(2).
-928
Let o(q) = 4*q**3 - 15*q**2 + 2*q + 8. What is o(6)?
344
Let a(v) = -v**3 + 52*v**2 - 50*v - 8. Determine a(51).
43
Let a(m) = 2*m**3 + 20*m**2 + m + 9. Determine a(-9).
162
Let u(w) = w**3 + 45*w**2 + 326*w - 3. Determine u(-7).
-423
Let o(v) = -34*v + 1934. Give o(58).
-38
Let s(p) = -p**2 + 73*p - 776. Give s(13).
4
Let p(o) = o**3 + 8*o**2 - 23*o + 49. Calculate p(-11).
-61
Let z(h) = h**2 - 61*h + 343. Give z(6).
13
Let h(o) = o**3 + 8*o**2 - 13*o - 45. Determine h(-9).
-9
Let z(n) = -n**3 - 52*n**2 + 1626*n - 175. Give z(-74).
-27
Let s(j) = -j**2 - 22*j - 70. Determine s(-19).
-13
Let r(c) = 651*c + 3937. Give r(-6).
31
Let n(c) = -c**3 + 30*c**2 + 21*c + 19. Determine n(31).
-291
Let q(p) = -2*p**3 - 12*p**2 - 42*p + 6. What is q(-3)?
78
Let n(x) = 49*x + 193. Determine n(-5).
-52
Let l(y) = y**2 + 57*y + 86. Determine l(-56).
30
Let g(l) = l**2 - 52*l + 647. Give g(31).
-4
Let c(q) = 459*q + 2295. Determine c(-5).
0
Let p(n) = -2*n**2 + 74*n - 626. What is p(14)?
18
Let h(x) = -141*x - 820. Give h(-